{"id":36,"date":"2011-10-12T18:00:23","date_gmt":"2011-10-12T18:00:23","guid":{"rendered":"http:\/\/www.mosdj.net\/djlatino\/?page_id=36"},"modified":"2014-10-28T20:32:59","modified_gmt":"2014-10-29T00:32:59","slug":"videografia","status":"publish","type":"page","link":"http:\/\/www.mosdj.net\/djlatino\/videografia\/","title":{"rendered":"Videografia"},"content":{"rendered":"<div class=\"et_pb_section et_section_regular\">\r\n\t\t\t\r\n\t\t\t\r\n\t\t\t\t\r\n\t\t\t\t<div class=\"et_pb_row\">\r\n\t\t\t<div class=\"et_pb_column et_pb_column_4_4\">\r\n\t\t\t<div class=\"et_pb_text et_pb_bg_layout_light et_pb_text_align_left\">\r\n\t\t\t\n<div class='et-box et-shadow'>\r\n\t\t\t\t\t<div class='et-box-content'>Capture los momentos de su celebraci\u00f3n especial en v\u00eddeo y reviva los una y otra vez. La mayor\u00eda de las personas pueden atestar que su celebraci\u00f3n, ya sea una boda, quinceanera, cumplea\u00f1os o reuni\u00f3n especial, puede ser facilmente olvidada con el pasar de los a\u00f1os. Por esta raz\u00f3n, podemos filmar su evento y capturar todos los moment m\u00e1gicos a un precio razonable<\/div><\/div><!--more--><\/p>\n<h2 style=\"text-align: center;\">\u00a0<\/h2>\n<h2 style=\"text-align: center;\"><div class='et-box et-shadow'>\r\n\t\t\t\t\t<div class='et-box-content'>Paquetes de Videografia<\/div><\/div><\/h2>\n\r\n\t\t<\/div> <!-- .et_pb_text --><div class=\"et_pb_tabs\">\r\n\t\t\t<ul class=\"et_pb_tabs_controls clearfix\">\r\n\t\t\t\t<li class=\"et_pb_tab_active\"><a href=\"#\">Paquete Standard<\/a><\/li><li><a href=\"#\">Paquete Plata<\/a><\/li><li><a href=\"#\">Paquete Oro<\/a><\/li>\r\n\t\t\t<\/ul>\r\n\t\t\t<div class=\"et_pb_all_tabs\">\r\n\t\t\t\t<div class=\"et_pb_tab clearfix et_pb_active_content\">\r\n\t\t\t\n\r\n\t\t<div class='et_slidecontent'>\r\n\t\t\tIdeal para Bodas, Quinceaneras Y Ocaciones Especiales\r\n\t\t<div class='et_slidecontent'>\r\n\t\t\t\r\n\t\t<\/div>Hasta 6 horas de cobertura, cubriendo ceremonia, recepcion o eventos especiales\r\n\t\t<div class='et_slidecontent'>\r\n\t\t\t\r\n\t\t<\/div>Sistema de technologia No-Lineal para edicion digital\r\n\t\t<div class='et_slidecontent'>\r\n\t\t\t\r\n\t\t<\/div>Inclusion de musica de fondo \r\n\t\t<div class='et_slidecontent'>\r\n\t\t\t\r\n\t\t<\/div>Video completo y parcialmente editado \r\n\t\t<div class='et_slidecontent'>\r\n\t\t\t\r\n\t\t<\/div>Un DVD de estuche rigido excibiendo imagenes del evento \r\n\t\t<div class='et_slidecontent'>\r\n\t\t\t\r\n\t\t<\/div>Capitulos con funcion de busqueda \r\n\t\t<div class='et_slidecontent'>\r\n\t\t\t\r\n\t\t<\/div>1 DVD completo\r\n\t\t<\/div>\n\r\n\t\t<\/div> <!-- .et_pb_tab --><div class=\"et_pb_tab clearfix\">\r\n\t\t\t\n\r\n\t\t<div class='et_slidecontent'>\r\n\t\t\tIdeal para Bodas, Quinceaneras Y Ocaciones Especiales\r\n\t\t<div class='et_slidecontent'>\r\n\t\t\t\r\n\t\t<\/div>Hasta 8 horas de cobertura desde la preparacion de la Novia\/Novio\/Quinceanera, ceremonia, parke y recepcion\r\n\t\t<div class='et_slidecontent'>\r\n\t\t\t\r\n\t\t<\/div>Sistema de microfono inalambrico y technologia No-Lineal para edicion digital\r\n\t\t<div class='et_slidecontent'>\r\n\t\t\t\r\n\t\t<\/div>Inclusion de musica de fondo \r\n\t\t<div class='et_slidecontent'>\r\n\t\t\t\r\n\t\t<\/div>Titulacion y arreglo profesional \r\n\t\t<div class='et_slidecontent'>\r\n\t\t\t\r\n\t\t<\/div>Video completo y produccion totalmente editada \r\n\t\t<div class='et_slidecontent'>\r\n\t\t\t\r\n\t\t<\/div>Un DVD de estuche rigido excibiendo imagenes del evento \r\n\t\t<div class='et_slidecontent'>\r\n\t\t\t\r\n\t\t<\/div>Effectos graficos y visuales (e.g. transiciones animadas, camara lenta, etc\u2026) \r\n\t\t<div class='et_slidecontent'>\r\n\t\t\t\r\n\t\t<\/div>Los mejores momentos del dia compilados en un Video-resumen\r\n\t\t<div class='et_slidecontent'>\r\n\t\t\t\r\n\t\t<\/div>Capitulos con funcion de busqueda \r\n\t\t<div class='et_slidecontent'>\r\n\t\t\t\r\n\t\t<\/div>Desplazamiento de creditos\r\n\t\t<div class='et_slidecontent'>\r\n\t\t\t\r\n\t\t<\/div>2 DVD&#8217;s completos \r\n\t\t<div class='et_slidecontent'>\r\n\t\t\t\r\n\t\t<\/div>Opcion de subir Video-resumen al internet, para compartir con amigos\r\n\t\t<\/div>\n\r\n\t\t<\/div> <!-- .et_pb_tab --><div class=\"et_pb_tab clearfix\">\r\n\t\t\t\n\r\n\t\t<div class='et_slidecontent'>\r\n\t\t\tIdeal para Bodas\r\n\t\t<div class='et_slidecontent'>\r\n\t\t\t\r\n\t\t<\/div>Cobertura del dia completo desde la preparacion hasta el final de la recepcion\r\n\t\t<div class='et_slidecontent'>\r\n\t\t\t\r\n\t\t<\/div>Sistema de microfono inalambrico y technologia No-Lineal para edicion digital\r\n\t\t<div class='et_slidecontent'>\r\n\t\t\t\r\n\t\t<\/div>Inclusion de musica de fondo \r\n\t\t<div class='et_slidecontent'>\r\n\t\t\t\r\n\t\t<\/div>Titulacion y arreglo profesional \r\n\t\t<div class='et_slidecontent'>\r\n\t\t\t\r\n\t\t<\/div>Video completo y produccion totalmente editada \r\n\t\t<div class='et_slidecontent'>\r\n\t\t\t\r\n\t\t<\/div>Un DVD de estuche rigido excibiendo imagenes del evento \r\n\t\t<div class='et_slidecontent'>\r\n\t\t\t\r\n\t\t<\/div>Integracion completa de effectos graficos y visuales (e.g. transiciones animadas, camara lenta, etc\u2026) \r\n\t\t<div class='et_slidecontent'>\r\n\t\t\t\r\n\t\t<\/div>3D y effectos de color\r\n\t\t<div class='et_slidecontent'>\r\n\t\t\t\r\n\t\t<\/div>Los mejores momentos del dia compilados en un Video-resumen\r\n\t\t<div class='et_slidecontent'>\r\n\t\t\t\r\n\t\t<\/div>Capitulos con funcion de busqueda \r\n\t\t<div class='et_slidecontent'>\r\n\t\t\t\r\n\t\t<\/div>Desplazamiento de creditos\r\n\t\t<div class='et_slidecontent'>\r\n\t\t\t\r\n\t\t<\/div>4 DVD&#8217;s completos \r\n\t\t<div class='et_slidecontent'>\r\n\t\t\t\r\n\t\t<\/div>Opcion de subir Video-resumen al internet, para compartir con amigos\r\n\t\t<\/div>\r\n\t\t<\/div> <!-- .et_pb_tab -->\n\r\n\t\t\t<\/div> <!-- .et_pb_all_tabs -->\r\n\t\t<\/div> <!-- .et_pb_tabs --><div class=\"et_pb_text et_pb_bg_layout_light et_pb_text_align_left\">\r\n\t\t\t<object style=\"height: 390px; width: 640px;\" width=\"640\" height=\"360\" classid=\"clsid:d27cdb6e-ae6d-11cf-96b8-444553540000\" codebase=\"http:\/\/download.macromedia.com\/pub\/shockwave\/cabs\/flash\/swflash.cab#version=6,0,40,0\"><param name=\"allowFullScreen\" value=\"true\" \/><param name=\"allowScriptAccess\" value=\"always\" \/><param name=\"src\" value=\"http:\/\/www.youtube.com\/v\/e6Si-l_GnfQ?version=3&amp;feature=player_detailpage\" \/><param name=\"allowfullscreen\" value=\"true\" \/><param name=\"allowscriptaccess\" value=\"always\" \/><\/object>\r\n\t\t<\/div> <!-- .et_pb_text -->\r\n\t\t<\/div> <!-- .et_pb_column -->\r\n\t\t<\/div> <!-- .et_pb_row -->\r\n\t\t\t\r\n\t\t<\/div> <!-- .et_pb_section -->\n","protected":false},"excerpt":{"rendered":"","protected":false},"author":1,"featured_media":0,"parent":0,"menu_order":0,"comment_status":"open","ping_status":"open","template":"","meta":{"ngg_post_thumbnail":0,"jetpack_post_was_ever_published":false,"footnotes":""},"class_list":["post-36","page","type-page","status-publish","hentry"],"jetpack_shortlink":"https:\/\/wp.me\/P2f6bT-A","jetpack_sharing_enabled":true,"_links":{"self":[{"href":"http:\/\/www.mosdj.net\/djlatino\/wp-json\/wp\/v2\/pages\/36","targetHints":{"allow":["GET"]}}],"collection":[{"href":"http:\/\/www.mosdj.net\/djlatino\/wp-json\/wp\/v2\/pages"}],"about":[{"href":"http:\/\/www.mosdj.net\/djlatino\/wp-json\/wp\/v2\/types\/page"}],"author":[{"embeddable":true,"href":"http:\/\/www.mosdj.net\/djlatino\/wp-json\/wp\/v2\/users\/1"}],"replies":[{"embeddable":true,"href":"http:\/\/www.mosdj.net\/djlatino\/wp-json\/wp\/v2\/comments?post=36"}],"version-history":[{"count":13,"href":"http:\/\/www.mosdj.net\/djlatino\/wp-json\/wp\/v2\/pages\/36\/revisions"}],"predecessor-version":[{"id":354,"href":"http:\/\/www.mosdj.net\/djlatino\/wp-json\/wp\/v2\/pages\/36\/revisions\/354"}],"wp:attachment":[{"href":"http:\/\/www.mosdj.net\/djlatino\/wp-json\/wp\/v2\/media?parent=36"}],"curies":[{"name":"wp","href":"https:\/\/api.w.org\/{rel}","templated":true}]}}